?
2, 3, 367, 1277
List the prime factors of 8293547.
23, 360589
List the prime factors of 4312202359.
3727, 1157017
List the prime factors of 629819716.
2, 4447, 35407
What are the prime factors of 1988964453?
3, 7, 17, 239, 23311
List the prime factors of 43629873.
3, 7, 23, 103, 877
What are the prime factors of 300304729?
300304729
List the prime factors of 473658553.
473658553
List the prime factors of 2201925407.
11, 200175037
What are the prime factors of 83237344?
2, 2601167
What are the prime factors of 1360430234?
2, 15217, 44701
List the prime factors of 3622160933.
103, 35166611
List the prime factors of 391847422.
2, 173, 1132507
List the prime factors of 53140031.
7, 89, 85297
List the prime factors of 2292388183.
59, 67, 9829
What are the prime factors of 114677341?
114677341
List the prime factors of 33258454.
2, 53, 263, 1193
What are the prime factors of 5001948?
2, 3, 7, 23, 863
List the prime factors of 39191910.
2, 3, 5, 53, 157
List the prime factors of 1629920328.
2, 3, 67913347
What are the prime factors of 56314434?
2, 3, 11, 43, 19843
List the prime factors of 553688943.
3, 12473, 14797
What are the prime factors of 1320503554?
2, 23, 1248113
List the prime factors of 172552389.
3, 57517463
List the prime factors of 73086978.
2, 3, 17, 83, 89, 97
What are the prime factors of 2820173?
521, 5413
What are the prime factors of 9246658?
2, 4623329
What are the prime factors of 77458447?
11, 1471, 4787
What are the prime factors of 1589355305?
5, 61, 1259, 4139
What are the prime factors of 75959938?
2, 23, 379, 4357
What are the prime factors of 32985220?
2, 5, 23, 71707
List the prime factors of 549905714.
2, 19, 29, 31, 16097
List the prime factors of 753810749.
419, 1799071
List the prime factors of 45265345.
5, 919, 9851
List the prime factors of 4529423810.
2, 5, 23, 1129, 17443
List the prime factors of 932241088.
2, 14566267
What are the prime factors of 1121710342?
2, 560855171
What are the prime factors of 46832233?
7, 6690319
List the prime factors of 85500336.
2, 3, 1231, 1447
List the prime factors of 4495231549.
11779, 381631
List the prime factors of 8083764.
2, 3, 13, 23, 751
What are the prime factors of 2476037?
2476037
What are the prime factors of 453858053?
11, 97, 38669
List the prime factors of 365130837.
3, 37, 1096489
What are the prime factors of 3740717841?
3, 7, 6299, 28279
List the prime factors of 1185586602.
2, 3, 941, 209987
List the prime factors of 365844435.
3, 5, 11, 41, 1319
What are the prime factors of 2437581364?
2, 19, 41, 389, 2011
List the prime factors of 630963721.
17, 37115513
What are the prime factors of 71397853?
2287, 31219
What are the prime factors of 57725698?
2, 37, 71, 10987
What are the prime factors of 618842010?
2, 3, 5, 197, 104711
List the prime factors of 23594055.
3, 5, 439, 3583
What are the prime factors of 51482565?
3, 5, 269, 4253
List the prime factors of 972393466.
2, 11, 4783, 9241
List the prime factors of 591235511.
53, 109, 1931
What are the prime factors of 204573415?
5, 191, 214213
What are the prime factors of 151861814?
2, 13, 257, 22727
What are the prime factors of 196556034?
2, 3, 1871, 17509
What are the prime factors of 97789300?
2, 5, 7, 2851
List the prime factors of 35883653.
13, 383, 7207
What are the prime factors of 22698772?
2, 5674693
List the prime factors of 6672002.
2, 19, 9241
What are the prime factors of 1229898704?
2, 937, 82037
List the prime factors of 7901133.
3, 2633711
What are the prime factors of 868687452?
2, 3, 787, 30661
List the prime factors of 1885826512.
2, 117864157
What are the prime factors of 4141071740?
2, 5, 13, 103, 239, 647
What are the prime factors of 699620895?
3, 5, 61, 28319
List the prime factors of 316670165.
5, 7, 9047719
List the prime factors of 6075280787.
61, 7433, 13399
What are the prime factors of 44288103?
3, 1439, 10259
List the prime factors of 228418520.
2, 5, 11, 23, 22571
List the prime factors of 288185953.
11, 26198723
What are the prime factors of 86362053?
3, 28787351
What are the prime factors of 1067573918?
2, 283, 1886173
What are the prime factors of 49605932?
2, 17, 61, 11959
What are the prime factors of 92097063?
3, 31, 330097
List the prime factors of 682360139.
5479, 124541
What are the prime factors of 132292520?
2, 5, 223, 14831
What are the prime factors of 4796014208?
2, 37468861
List the prime factors of 233067839.
823, 283193
What are the prime factors of 529513732?
2, 11, 3049, 3947
What are the prime factors of 244471403?
11, 22224673
List the prime factors of 111009854.
2, 29, 1913963
List the prime factors of 2927579800.
2, 5, 14637899
What are the prime factors of 1235428988?
2, 31, 9963137
What are the prime factors of 2850431432?
2, 811, 439339
What are the prime factors of 301604376?
2, 3, 12566849
What are the prime factors of 78520093?
17, 103, 44843
List the prime factors of 2180517353.
7, 4253, 73243
What are the prime factors of 717799295?
5, 23, 6241733
List the prime factors of 22489236.
2, 3, 7, 11, 19, 61
List the prime factors of 79340414.
2, 149, 443, 601
What are the prime factors of 52394971?
229, 228799
List the prime factors of 145341745.
5, 677, 42937
What are the prime factors of 2581711487?
2581711487
List the prime factors of 111820144.
2, 47, 241, 617
What are the prime factors of 130036330?
2, 5, 293, 44381
List the prime factors of 465347075.
5, 43, 10067
What are the prime factors of 46012443?
3, 23, 241, 2767
What are the prime factors of 179655808?
2, 47, 29863
What are the prime factors of 38408174?
2, 7, 59, 46499
List the prime factors of 2508354.
2, 3, 46451
List the prime factors of 1242254539.
37, 79, 113, 3761
What are the prime factors of 117628717?
117628717
What are the prime factors of 64481132?
2, 16120283
List the prime factors of 145854114.
2, 3, 7, 3472717
What are the prime factors of 2244647388?
2, 3, 439, 426091
What are the prime factors of 224785027?
37, 199, 30529
List the prime factors of 243499242.
2, 3, 7, 109, 53189
List the prime factors of 107727286.
2, 29, 223, 8329
What are the prime factors of 3771815257?
7, 61, 157, 56263
List the prime factors of 765734530.
2, 5, 11, 101, 157, 439
List the prime factors of 3777720054.
2, 3, 23, 37, 739859
List the prime factors of 175512240.
2, 3, 5, 43, 5669
List the prime factors of 97205882.
2, 37, 617, 2129
List the prime factors of 572088281.
431, 1327351
List the prime factors of 52062059.
7, 53, 20047
What are the prime factors of 133840200?
2, 3, 5, 13, 17159
List the prime factors of 2163302649.
3, 17, 1097, 12889
What are the prime factors of 335886400?
2, 5, 209929
List the prime factors of 55395971.
53, 383, 2729
List the prime factors of 98884602.
2, 3, 163, 33703
What are the prime factors of 72246021?
3, 61, 394787
What are the prime factors of 33202371?
3, 73, 151609
List the prime factors of 1935869787.
3, 107, 223361
What are the prime factors of 760127778?
2, 3, 37, 83, 13751
What are the prime factors of 2184321073?
11, 19, 509, 20533
List the prime factors of 67132877.
7, 137, 70003
List the prime factors of 3104395134.
2, 3, 517399189
List the prime factors of 56293184.
2, 879581
List the prime factors of 126468526.
2, 349, 409, 443
List the prime factors of 362042967.
3, 11, 13, 19, 44417
List the prime factors of 1004997544.
2, 1229, 102217
List the prime factors of 5206884078.
2, 3, 11, 5323, 14821
What are the prime factors of 232835044?
2, 13, 19, 235663
List the prime factors of 1526803357.
59, 547, 47309
List the prime factors of 124415406.
2, 3, 2303989
List the prime factors of 79950454.
2, 103, 388109
What are the prime factors of 1781793268?
2, 433, 1028749
What are the prime factors of 2292549874?
2, 53, 21627829
What are the prime factors of 40779024?
2, 3, 11, 13, 457
What are the prime factors of 163619014?
2, 13, 6293039
What are the prime factors of 76775505?
3, 5, 5118367
What are the prime factors of 9891165?
3, 5, 223, 2957
What are the prime factors of 71475869?
71475869
List the prime factors of 1265514795.
3, 5, 3221, 8731
What are the prime factors of 337614770?
2, 5, 53, 211, 3019
What are the prime factors of 187365052?
2, 7, 229, 29221
List the prime factors of 107358384.
2, 3, 7, 319519
What are the prime factors of 4